d**2 - 36*d - 81. Give l(7).
10
Let x(m) = 299*m**2 + m - 4. Give x(0).
-4
Let z(d) = 9*d**2 - 61*d + 12. Give z(6).
-30
Let v(q) = -393*q - 7867. Give v(-20).
-7
Let t(a) = -28*a**3 - 7*a**2 + 21*a - 2. Calculate t(2).
-212
Let r(x) = x**3 + 73*x**2 + 685*x + 184. Calculate r(-62).
-2
Let r(o) = 4*o**3 - 8*o**2 - 3*o + 5. What is r(-1)?
-4
Let f(k) = -k**3 + 72*k**2 + 452*k - 11252. Determine f(76).
-4
Let j(y) = -y**3 + 2*y**2 - 46*y + 127. Calculate j(3).
-20
Let t(h) = h**3 - 16*h**2 + 7*h - 6. Give t(14).
-300
Let n(o) = 4*o**2 + 9*o - 10. What is n(4)?
90
Let h(w) = -201*w + 7226. Calculate h(36).
-10
Let h(j) = 287*j + 73176. Give h(-255).
-9
Let g(d) = 2*d**2 - 53*d - 426. What is g(34)?
84
Let k(r) = 17*r**2 + 16*r - 28. Give k(2).
72
Let w(i) = 2*i**2 - 134*i - 294. Determine w(69).
-18
Let b(j) = -4*j - 18. What is b(19)?
-94
Let a(s) = -31*s + 203. Determine a(8).
-45
Let g(x) = -52*x**2 + 354*x + 352. Give g(-1).
-54
Let u(t) = 2*t**3 - 94*t**2 + 20*t - 919. What is u(47)?
21
Let t(p) = -149*p - 611. Give t(-5).
134
Let w(x) = -x**2 + 55*x + 35. What is w(56)?
-21
Let v(t) = 612*t - 183. Give v(1).
429
Let j(v) = 143*v - 2571. Calculate j(18).
3
Let x(b) = -2*b**3 + 43*b**2 - 59*b - 106. Give x(20).
-86
Let o(a) = -a**3 - 3*a**2 + 53*a - 140. Determine o(8).
-420
Let l(s) = s**3 - 27*s**2 + 99*s - 163. Determine l(23).
-2
Let v(f) = f**3 - 14*f**2 - 12*f - 37. Give v(15).
8
Let q(l) = -29*l - 1929. Give q(-66).
-15
Let g(x) = x**3 + 5*x**2 - 29*x - 144. What is g(-6)?
-6
Let a(q) = q**3 + 13*q**2 - 4*q + 86. Give a(-13).
138
Let t(z) = 3299*z + 6611. What is t(-2)?
13
Let c(s) = -s**3 - 80*s**2 - 1577*s - 91. Give c(-45).
-1
Let m(y) = -515*y - 20592. What is m(-40)?
8
Let w(h) = 96*h + 6907. Determine w(-72).
-5
Let z(n) = n**3 - 24. Determine z(4).
40
Let x(u) = -u**3 + u**2 - 70*u - 142. Determine x(-2).
10
Let q(k) = 121*k - 19844. Give q(164).
0
Let f(v) = 6*v**2 - 53*v - 3. Calculate f(9).
6
Let a(k) = -249*k - 5435. Give a(-22).
43
Let p(m) = -m**3 - 6*m - 27. Calculate p(-5).
128
Let g(o) = 246*o - 1730. Give g(11).
976
Let c(q) = -109*q - 1992. Determine c(-18).
-30
Let d(c) = -7*c**3 - 606*c**2 + 880*c - 4. What is d(-88)?
-4
Let g(b) = -24*b**2 - 265*b - 216. Give g(-10).
34
Let y(p) = -92*p - 5422. Give y(-59).
6
Let c(n) = -4*n**3 + 2*n - 9. Give c(0).
-9
Let j(c) = 48*c - 3. Give j(3).
141
Let d(b) = -b**2 + 38*b - 213. Determine d(26).
99
Let g(f) = -f**3 - 16*f**2 - 41*f + 41. Determine g(-13).
67
Let t(w) = 4*w**2 + 40*w + 28. Determine t(-6).
-68
Let d(o) = o**3 + 9*o**2 - 28*o - 215. Calculate d(-4).
-23
Let h(s) = 8*s - 116. Determine h(7).
-60
Let w(x) = -x**3 - 10*x**2 - 64*x - 639. Determine w(-10).
1
Let p(h) = -2*h**2 + 26*h - 25. Calculate p(14).
-53
Let x(r) = 3*r**3 - 40*r**2 + 33*r + 15. Calculate x(12).
-165
Let t(i) = -12*i**3 - i**2 - 11. Give t(0).
-11
Let y(v) = -v**2 - 126*v - 1936. What is y(-18)?
8
Let h(p) = 14*p**2 + 442*p + 1546. What is h(-4)?
2
Let f(m) = m**3 + 58*m**2 - 61*m - 123. What is f(-59)?
-5
Let f(n) = 23*n**2 + 1309*n - 166. Determine f(-57).
-52
Let h(a) = 59*a + 1694. What is h(-29)?
-17
Let x(u) = u**3 - 55*u**2 - 117*u + 167. Calculate x(57).
-4
Let q(d) = d**3 - 33*d**2 + 159*d + 128. Determine q(7).
-33
Let l(r) = -9*r**2 - 273*r - 1913. Calculate l(-11).
1
Let r(k) = 64*k + 1049. Determine r(-15).
89
Let h(v) = -78*v - 1644. Calculate h(-21).
-6
Let o(s) = 2*s**3 - 401*s**2 + 808*s - 23. Determine o(2).
5
Let x(h) = -1139*h - 51254. Determine x(-45).
1
Let l(o) = o**2 - 4*o - 17. What is l(-13)?
204
Let d(w) = -7*w - 208. Give d(-27).
-19
Let u(r) = -711*r - 5033. What is u(-7)?
-56
Let b(k) = k**3 - 14*k**2 - 21*k - 26. Determine b(16).
150
Let c(k) = 288*k + 13832. Give c(-48).
8
Let n(c) = -21*c - 1132. What is n(-55)?
23
Let q(h) = -155*h - 1408. What is q(-10)?
142
Let z(p) = -p - 108. Give z(-21).
-87
Let s(z) = -233*z - 130. Give s(-2).
336
Let r(y) = -16*y + 179. Give r(13).
-29
Let v(m) = 2*m**3 + 16*m**2 + m + 17. Determine v(-8).
9
Let j(m) = 10*m**2 + 10*m + 35. Calculate j(-5).
235
Let q(r) = 2*r**3 - 67*r**2 - 42*r + 7. What is q(34)?
-265
Let g(q) = -417*q**2 + 13344*q + 6. Calculate g(32).
6
Let m(f) = 17*f**2 - 849*f - 45. Calculate m(50).
5
Let d(i) = -i**2 - 11*i + 460. Calculate d(17).
-16
Let f(t) = -31*t**2 - 3*t. Calculate f(-2).
-118
Let x(c) = 74*c + 53. Determine x(-1).
-21
Let k(t) = t**3 - 19*t**2 + 54*t - 76. Give k(12).
-436
Let g(q) = -5*q**2 + 20*q - 34. What is g(4)?
-34
Let p(k) = 2*k**2 - 125*k + 1844. Determine p(35).
-81
Let y(q) = -44*q**2 - 21*q - 25. Determine y(-1).
-48
Let v(m) = m**3 - 73*m - 9. Calculate v(-9).
-81
Let j(r) = -2*r**3 + 6*r**2 + 55*r + 12. Give j(7).
5
Let h(x) = 79*x + 327. Determine h(-6).
-147
Let m(c) = c**3 + 23*c**2 - 36*c + 27. Give m(-24).
315
Let w(q) = -2*q**2 - 116*q + 166. What is w(-61)?
-200
Let r(p) = -2*p**2 + 595*p - 2937. What is r(5)?
-12
Let u(i) = -i**3 - 14*i**2 - 50*i + 12. Calculate u(-8).
28
Let l(p) = 813*p + 4879. Give l(-6).
1
Let m(s) = -74*s - 2712. Determine m(-35).
-122
Let v(g) = -4*g**2 + 115*g - 1324. What is v(14)?
-498
Let y(f) = -f**3 + 8*f**2 + 31*f + 62. Calculate y(11).
40
Let r(i) = -i**3 + 9*i**2 - 3*i + 1. What is r(-4)?
221
Let b(n) = 145*n**2 - 289*n - 3. Give b(2).
-1
Let y(n) = n**3 + 28*n**2 + 68*n - 174. Calculate y(-25).
1
Let u(p) = -p + 104. Calculate u(-12).
116
Let d(t) = -t**2 - 5*t - 28. What is d(0)?
-28
Let p(f) = 171*f**2 - 43*f + 44. Calculate p(1).
172
Let q(x) = -95*x - 6885. What is q(-73)?
50
Let x(h) = -69*h - 11. What is x(4)?
-287
Let m(s) = -13*s**3 - 120*s**2 - 55*s - 250. Calculate m(-9).
2
Let v(m) = -459*m + 453. Give v(1).
-6
Let o(k) = 6*k - 74. What is o(13)?
4
Let x(g) = 3882*g + 15530. What is x(-4)?
2
Let n(w) = -55*w**2 - 227*w - 6. What is n(-4)?
22
Let l(a) = 1801*a + 12570. Give l(-7).
-37
Let a(g) = 46*g - 236. Give a(5).
-6
Let f(n) = 7*n**3 + n**2 - 5*n + 2. Give f(2).
52
Let y(q) = -25*q**3 - 5*q**2 - 15*q - 3. Give y(-2).
207
Let y(d) = 17*d**2 - 42*d + 30. What is y(4)?
134
Let o(t) = -t**2 - 49*t + 210. Determine o(-53).
-2
Let f(i) = 27*i - 1044. Calculate f(59).
549
Let n(v) = v**3 + 68*v**2 + 258*v + 123. What is n(-64)?
-5
Let h(v) = -11*v**2 - 63*v + 19. What is h(-6)?
1
Let s(u) = -u**3 + 24*u**2 + 143*u - 13. What is s(29)?
-71
Let u(l) = -l + 118. Calculate u(23).
95
Let t(u) = -1218*u + 565158. What is t(464)?
6
Let k(u) = -2*u**3 + 4*u**2 + 20*u - 1. Determine k(5).
-51
Let p(s) = 61*s + 347. Determine p(-4).
103
Let p(x) = -x**2 + 41*x + 205. Calculate p(-5).
-25
Let a(p) = 1827*p + 56666. What is a(-31)?
29
Let a(h) = 19*h - 45. What is a(6)?
69
Let i(z) = -40*z + 355. What is i(10)?
-45
Let s(v) = -2*v**2 + 334*v - 4514. Determine s(15).
46
Let f(d) = -d**3 + 5*d**2 + d - 2. Calculate f(4).
18
Let k(q) = q**2 - 23*q - 242. Give k(-20).
618
Let j(p) = p**3 - 6*p**2 - 24*p + 8. Determine j(9).
35
Let n(m) = -m**2 - 20*m - 107. Calculate n(-14).
-23
Let c(k) = -10*k**3 + 8*k**2 + 6*k + 7. Determine c(-2).
107
Let c(f) = 13*f**2 - 394*f + 127. Calculate c(30).
7
Let n(k) = 3*k**3 - 272*k**2 + 189*k - 894. What is n(90)?
-84
Let v(d) = d**3 + 81*d**2 - 1016*d + 44. Calculate v(11).
0
Let o(c) = -c**2 - 18*c - 64. What is o(-11)?
13
Let r(q) = q**3 + 24*q**2 + 126*q + 9. Determine r(-9).
90
Let w(d) = 5*d**2 - 8*d + 211. What is w(0)?
211
Let g(u) = 2*u**2 - 50*u + 222. Determine g(6).
-6
Let i(v) = -3*v**2 - 85*v + 55. Determine i(-28).
83
Let v(k) = 8*k**2 + 2101*k - 809. Calculate v(-263).
-20
Let q(s) = 4*s**2 + 108*s + 513. Calculate q(-6).
9
Let c(p) = 40*p**2 - 1470*p - 374. Determine c(37).
-4
Let l(t) = -3*t + 47. What is l(11)?
14
Let z(c) = -275*c - 3573. Give z(-13).
2
Let z(v) = v**2 - 2215*v + 35172. Calculate z(16).
-12
Let x(y) = -3*y**2 - 97*y - 112. Determine x(-31).
12
Let c(x) = 2*x**2 - 53*x + 213. Give c(20).
-47
Let t(q) = -116*q + 545. What is t(5)?
-35
Let k(h) = h**3 + 35*h**2 + 153*h + 91. Determine k(-30).
1
Let j(h) = 6*h**2 + 170*h - 169. Give j(1).
7
Let f(q) = 573*q - 546. Give f(1).
27
Let n(l) = l**3 - 7*l**2 - 6*l + 1. Give n(9).
109
Let x(c) = -63*c + 4721. Calculate x(75).
-4
Let d(a) = 7*a**2 - 10*a - 12. Give d(-3).
81
Let q(c) = -458*c - 25195. Calculate q(-55).
-5
Let k(m